{"id":231,"date":"2022-09-12T22:00:00","date_gmt":"2022-09-12T22:00:00","guid":{"rendered":"https:\/\/podcastpurovicio.com\/?pv_episodio=especial-d23venecia-2022-02x58"},"modified":"2022-09-12T22:00:00","modified_gmt":"2022-09-12T22:00:00","slug":"especial-d23venecia-2022-02x58","status":"publish","type":"pv_episodio","link":"https:\/\/podcastpurovicio.com\/?pv_episodio=especial-d23venecia-2022-02x58","title":{"rendered":"Especial: D23+Venecia 2022 02&#215;58"},"content":{"rendered":"<p>Repasito muy breve de lo que ha sido la \u00faltima D23 haciendo hincapi\u00e9 en las producciones que m\u00e1s han sonado en la feria. Adem\u00e1s, os contamos qui\u00e9nes han sido los ganadores de la \u00faltima edici\u00f3n del festival internacional de cine de Venecia. No te olvides de dejarnos tu me gusta y de comentarnos. \u00a1Te esperamos en nuestra comunidad de Telegram!<br \/>\nhttps:\/\/t.me\/cinepurovicio<\/p>\n","protected":false},"excerpt":{"rendered":"<p>Repasito muy breve de lo que ha sido la \u00faltima D23 haciendo hincapi\u00e9 en las producciones que m\u00e1s han sonado en la feria. Adem\u00e1s, os contamos qui\u00e9nes han sido los ganadores de la \u00faltima edici\u00f3n del festival internacional de cine de Venecia. No te olvides&hellip;<\/p>\n","protected":false},"featured_media":0,"template":"","class_list":["post-231","pv_episodio","type-pv_episodio","status-publish","hentry"],"_links":{"self":[{"href":"https:\/\/podcastpurovicio.com\/index.php?rest_route=\/wp\/v2\/pv_episodio\/231","targetHints":{"allow":["GET"]}}],"collection":[{"href":"https:\/\/podcastpurovicio.com\/index.php?rest_route=\/wp\/v2\/pv_episodio"}],"about":[{"href":"https:\/\/podcastpurovicio.com\/index.php?rest_route=\/wp\/v2\/types\/pv_episodio"}],"version-history":[{"count":0,"href":"https:\/\/podcastpurovicio.com\/index.php?rest_route=\/wp\/v2\/pv_episodio\/231\/revisions"}],"wp:attachment":[{"href":"https:\/\/podcastpurovicio.com\/index.php?rest_route=%2Fwp%2Fv2%2Fmedia&parent=231"}],"curies":[{"name":"wp","href":"https:\/\/api.w.org\/{rel}","templated":true}]}}

<p>Repasito muy breve de lo que ha sido la última D23 haciendo hincapié en las producciones que más han sonado en la feria. Además, os contamos quiénes han sido los ganadores de la última edición del festival internacional de cine de Venecia. No te olvides de dejarnos tu me gusta y de comentarnos. ¡Te esperamos en nuestra comunidad de Telegram!<br />
https://t.me/cinepurovicio</p>

<p>Repasito muy breve de lo que ha sido la última D23 haciendo hincapié en las producciones que más han sonado en la feria. Además, os contamos quiénes han sido los ganadores de la última edición del festival internacional de cine de Venecia. No te olvides&hellip;</p>
