{"id":185,"date":"2023-07-19T07:30:00","date_gmt":"2023-07-19T07:30:00","guid":{"rendered":"https:\/\/podcastpurovicio.com\/?pv_episodio=especial-la-gran-aventura-de-mortadelo-y-filemon-03x46"},"modified":"2023-07-19T07:30:00","modified_gmt":"2023-07-19T07:30:00","slug":"especial-la-gran-aventura-de-mortadelo-y-filemon-03x46","status":"publish","type":"pv_episodio","link":"https:\/\/podcastpurovicio.com\/?pv_episodio=especial-la-gran-aventura-de-mortadelo-y-filemon-03x46","title":{"rendered":"Especial: La gran aventura de Mortadelo y Filem\u00f3n 03&#215;46"},"content":{"rendered":"<p>Nuestro pen\u00faltimo especial de la temporada va dirigido a La gran aventura de Mortadelo y Filem\u00f3n, la primera adaptaci\u00f3n en forma de live action de los personajes creados por Francisco Ib\u00e1\u00f1ez. Hablaremos pues del propio Ib\u00e1\u00f1ez y daremos nuestras impresiones sobre la pel\u00edcula dirigida por Javier Fesser. \u00a1No olvid\u00e9is vuestros likes y comentarios!<\/p>\n","protected":false},"excerpt":{"rendered":"<p>Nuestro pen\u00faltimo especial de la temporada va dirigido a La gran aventura de Mortadelo y Filem\u00f3n, la primera adaptaci\u00f3n en forma de live action de los personajes creados por Francisco Ib\u00e1\u00f1ez. Hablaremos pues del propio Ib\u00e1\u00f1ez y daremos nuestras impresiones sobre la pel\u00edcula dirigida por&hellip;<\/p>\n","protected":false},"featured_media":0,"template":"","class_list":["post-185","pv_episodio","type-pv_episodio","status-publish","hentry"],"_links":{"self":[{"href":"https:\/\/podcastpurovicio.com\/index.php?rest_route=\/wp\/v2\/pv_episodio\/185","targetHints":{"allow":["GET"]}}],"collection":[{"href":"https:\/\/podcastpurovicio.com\/index.php?rest_route=\/wp\/v2\/pv_episodio"}],"about":[{"href":"https:\/\/podcastpurovicio.com\/index.php?rest_route=\/wp\/v2\/types\/pv_episodio"}],"version-history":[{"count":0,"href":"https:\/\/podcastpurovicio.com\/index.php?rest_route=\/wp\/v2\/pv_episodio\/185\/revisions"}],"wp:attachment":[{"href":"https:\/\/podcastpurovicio.com\/index.php?rest_route=%2Fwp%2Fv2%2Fmedia&parent=185"}],"curies":[{"name":"wp","href":"https:\/\/api.w.org\/{rel}","templated":true}]}}

Especial: La gran aventura de Mortadelo y Filemón 03&#215;46

<p>Nuestro penúltimo especial de la temporada va dirigido a La gran aventura de Mortadelo y Filemón, la primera adaptación en forma de live action de los personajes creados por Francisco Ibáñez. Hablaremos pues del propio Ibáñez y daremos nuestras impresiones sobre la película dirigida por Javier Fesser. ¡No olvidéis vuestros likes y comentarios!</p>

<p>Nuestro penúltimo especial de la temporada va dirigido a La gran aventura de Mortadelo y Filemón, la primera adaptación en forma de live action de los personajes creados por Francisco Ibáñez. Hablaremos pues del propio Ibáñez y daremos nuestras impresiones sobre la película dirigida por&hellip;</p>
