{"id":153,"date":"2024-02-23T22:00:00","date_gmt":"2024-02-23T22:00:00","guid":{"rendered":"https:\/\/podcastpurovicio.com\/?pv_episodio=25-el-chico-y-la-garza-2023-ghibli-el-sueno-de-miyazaki"},"modified":"2024-02-23T22:00:00","modified_gmt":"2024-02-23T22:00:00","slug":"25-el-chico-y-la-garza-2023-ghibli-el-sueno-de-miyazaki","status":"publish","type":"pv_episodio","link":"https:\/\/podcastpurovicio.com\/?pv_episodio=25-el-chico-y-la-garza-2023-ghibli-el-sueno-de-miyazaki","title":{"rendered":"#25 El chico y la garza (2023) | GHIBLI: EL SUE\u00d1O DE MIYAZAKI"},"content":{"rendered":"<p>\u2014IniciativasPod presenta\u2026 GHIBLI: EL SUE\u00d1O DE MIYAZAKI\u2014<\/p>\n<p>En Puro Vicio nos toca hablar de la \u00faltima pel\u00edcula de esta maravillosa iniciativa. El Chico y La Garza. La \u00faltima cinta tambi\u00e9n de Ghibli y Miyazaki. Os contamos brevemente nuestras impresiones de una de las cintas de animaci\u00f3n m\u00e1s importantes de esta temporada.<\/p>\n<p>Las pel\u00edculas de Estudio Ghibli demostraron al mundo entero que otro tipo de animaci\u00f3n era posible, marcando a toda una generaci\u00f3n. Hayao Miyazaki, Isao Takahata o Joe Hisaishi son s\u00f3lo algunos de los genios que han emocionado a millones de personas con sus historias, su m\u00fasica y sus personajes inolvidables.<\/p>\n<p>La belleza de lo cotidiano, la conservaci\u00f3n de la naturaleza o los misterios que encierran los sue\u00f1os, son s\u00f3lo algunos de los temas de pel\u00edculas como El viaje de Chihiro, Mi vecino Totoro o La princesa Mononoke, que son ya cl\u00e1sicos de la historia del cine.<\/p>\n<p>Por esta raz\u00f3n, IniciativasPod se ha propuesto cubrir la filmograf\u00eda del Estudio Ghibli en la lista de reproducci\u00f3n \u201cGHIBLI: EL SUE\u00d1O DE MIYAZAKI\u201d, que puedes encontrar aqu\u00ed:<\/p>\n<p>https:\/\/go.ivoox.com\/bk\/10914059<\/p>\n<p>Busca nuestro hashtag #Elsue\u00f1odeMiyazaki en Redes Sociales y sigue a @IniciativasPod en X para no perderte ninguna novedad.<\/p>\n<p>Agradecimientos:<br \/>\n\u25aa\ufe0f Organizaci\u00f3n<br \/>\nPolic\u00edas Pelis Podcast<br \/>\nLuis Mill\u00e1n de Just Live It<br \/>\n\u25aa\ufe0f Apartado visual y miniaturas<br \/>\nDiego Ruiz de Polic\u00edas Pelis<br \/>\n\u25aa\ufe0f Gui\u00f3n y edici\u00f3n de las cu\u00f1as promocionales<br \/>\nDaniel Cimarra de Polic\u00edas Pelis<br \/>\n\u25aa\ufe0f Voces<br \/>\nMisery Ratty de Hablo de Cine por Misery Ratty<br \/>\nFran Maestra de Podcastwood y MagaZinema<br \/>\nRub\u00e9n Moreno de Puro Vicio<br \/>\nAlberto Saba de Puro Vicio<br \/>\nDaniel Cimarra de Polic\u00edas Pelis<br \/>\n\u25aa\ufe0f \ufe0fAdicionalmente, queremos agradecer la ayuda de Fran Maestra y Luc\u00eda Segarra de MagaZinema.<\/p>\n<p>MUCHAS GRACIAS POR ESCUCHARNOS<\/p>\n","protected":false},"excerpt":{"rendered":"<p>\u2014IniciativasPod presenta\u2026 GHIBLI: EL SUE\u00d1O DE MIYAZAKI\u2014 En Puro Vicio nos toca hablar de la \u00faltima pel\u00edcula de esta maravillosa iniciativa. El Chico y La Garza. La \u00faltima cinta tambi\u00e9n de Ghibli y Miyazaki. Os contamos brevemente nuestras impresiones de una de las cintas de&hellip;<\/p>\n","protected":false},"featured_media":0,"template":"","class_list":["post-153","pv_episodio","type-pv_episodio","status-publish","hentry"],"_links":{"self":[{"href":"https:\/\/podcastpurovicio.com\/index.php?rest_route=\/wp\/v2\/pv_episodio\/153","targetHints":{"allow":["GET"]}}],"collection":[{"href":"https:\/\/podcastpurovicio.com\/index.php?rest_route=\/wp\/v2\/pv_episodio"}],"about":[{"href":"https:\/\/podcastpurovicio.com\/index.php?rest_route=\/wp\/v2\/types\/pv_episodio"}],"version-history":[{"count":0,"href":"https:\/\/podcastpurovicio.com\/index.php?rest_route=\/wp\/v2\/pv_episodio\/153\/revisions"}],"wp:attachment":[{"href":"https:\/\/podcastpurovicio.com\/index.php?rest_route=%2Fwp%2Fv2%2Fmedia&parent=153"}],"curies":[{"name":"wp","href":"https:\/\/api.w.org\/{rel}","templated":true}]}}

#25 El chico y la garza (2023) | GHIBLI: EL SUEÑO DE MIYAZAKI

<p>—IniciativasPod presenta… GHIBLI: EL SUEÑO DE MIYAZAKI—</p>
<p>En Puro Vicio nos toca hablar de la última película de esta maravillosa iniciativa. El Chico y La Garza. La última cinta también de Ghibli y Miyazaki. Os contamos brevemente nuestras impresiones de una de las cintas de animación más importantes de esta temporada.</p>
<p>Las películas de Estudio Ghibli demostraron al mundo entero que otro tipo de animación era posible, marcando a toda una generación. Hayao Miyazaki, Isao Takahata o Joe Hisaishi son sólo algunos de los genios que han emocionado a millones de personas con sus historias, su música y sus personajes inolvidables.</p>
<p>La belleza de lo cotidiano, la conservación de la naturaleza o los misterios que encierran los sueños, son sólo algunos de los temas de películas como El viaje de Chihiro, Mi vecino Totoro o La princesa Mononoke, que son ya clásicos de la historia del cine.</p>
<p>Por esta razón, IniciativasPod se ha propuesto cubrir la filmografía del Estudio Ghibli en la lista de reproducción “GHIBLI: EL SUEÑO DE MIYAZAKI”, que puedes encontrar aquí:</p>
<p>https://go.ivoox.com/bk/10914059</p>
<p>Busca nuestro hashtag #ElsueñodeMiyazaki en Redes Sociales y sigue a @IniciativasPod en X para no perderte ninguna novedad.</p>
<p>Agradecimientos:<br />
▪️ Organización<br />
Policías Pelis Podcast<br />
Luis Millán de Just Live It<br />
▪️ Apartado visual y miniaturas<br />
Diego Ruiz de Policías Pelis<br />
▪️ Guión y edición de las cuñas promocionales<br />
Daniel Cimarra de Policías Pelis<br />
▪️ Voces<br />
Misery Ratty de Hablo de Cine por Misery Ratty<br />
Fran Maestra de Podcastwood y MagaZinema<br />
Rubén Moreno de Puro Vicio<br />
Alberto Saba de Puro Vicio<br />
Daniel Cimarra de Policías Pelis<br />
▪️ ️Adicionalmente, queremos agradecer la ayuda de Fran Maestra y Lucía Segarra de MagaZinema.</p>
<p>MUCHAS GRACIAS POR ESCUCHARNOS</p>

<p>—IniciativasPod presenta… GHIBLI: EL SUEÑO DE MIYAZAKI— En Puro Vicio nos toca hablar de la última película de esta maravillosa iniciativa. El Chico y La Garza. La última cinta también de Ghibli y Miyazaki. Os contamos brevemente nuestras impresiones de una de las cintas de&hellip;</p>
