{"id":14,"date":"2026-05-26T16:56:10","date_gmt":"2026-05-26T16:56:10","guid":{"rendered":"https:\/\/podcastpurovicio.com\/?pv_episodio=06x42-festival-de-cannes-2026"},"modified":"2026-09-05T04:45:49","modified_gmt":"2026-09-05T04:45:49","slug":"06x42-festival-de-cannes-2026","status":"publish","type":"pv_episodio","link":"https:\/\/podcastpurovicio.com\/?pv_episodio=06x42-festival-de-cannes-2026","title":{"rendered":"06&#215;42: Festival de Cannes 2026"},"content":{"rendered":"<p>En este nuevo episodio grabado en Puro Vicio, nos sumergimos en todo lo que dej\u00f3 la \u00faltima edici\u00f3n del Festival de Cannes: las pel\u00edculas que dieron que hablar, las sorpresas del palmar\u00e9s, los directores que marcaron tendencia y los momentos m\u00e1s comentados dentro y fuera de la Croisette. Comentamos nuestras favoritas, las decepciones, el estado actual del cine de autor y c\u00f3mo Cannes sigue definiendo la conversaci\u00f3n cinematogr\u00e1fica mundial. Un episodio para cin\u00e9filos, curiosos y cualquiera que quiera ponerse al d\u00eda con lo mejor \u2014y lo m\u00e1s pol\u00e9mico\u2014 del festival m\u00e1s importante del cine.<\/p>\n","protected":false},"excerpt":{"rendered":"<p>En este nuevo episodio grabado en Puro Vicio, nos sumergimos en todo lo que dej\u00f3 la \u00faltima edici\u00f3n del Festival de Cannes: las pel\u00edculas que dieron que hablar, las sorpresas del palmar\u00e9s, los directores que marcaron tendencia y los momentos m\u00e1s comentados dentro y fuera&hellip;<\/p>\n","protected":false},"featured_media":0,"template":"","class_list":["post-14","pv_episodio","type-pv_episodio","status-publish","hentry"],"_links":{"self":[{"href":"https:\/\/podcastpurovicio.com\/index.php?rest_route=\/wp\/v2\/pv_episodio\/14","targetHints":{"allow":["GET"]}}],"collection":[{"href":"https:\/\/podcastpurovicio.com\/index.php?rest_route=\/wp\/v2\/pv_episodio"}],"about":[{"href":"https:\/\/podcastpurovicio.com\/index.php?rest_route=\/wp\/v2\/types\/pv_episodio"}],"version-history":[{"count":1,"href":"https:\/\/podcastpurovicio.com\/index.php?rest_route=\/wp\/v2\/pv_episodio\/14\/revisions"}],"predecessor-version":[{"id":55,"href":"https:\/\/podcastpurovicio.com\/index.php?rest_route=\/wp\/v2\/pv_episodio\/14\/revisions\/55"}],"wp:attachment":[{"href":"https:\/\/podcastpurovicio.com\/index.php?rest_route=%2Fwp%2Fv2%2Fmedia&parent=14"}],"curies":[{"name":"wp","href":"https:\/\/api.w.org\/{rel}","templated":true}]}}

<p>En este nuevo episodio grabado en Puro Vicio, nos sumergimos en todo lo que dejó la última edición del Festival de Cannes: las películas que dieron que hablar, las sorpresas del palmarés, los directores que marcaron tendencia y los momentos más comentados dentro y fuera de la Croisette. Comentamos nuestras favoritas, las decepciones, el estado actual del cine de autor y cómo Cannes sigue definiendo la conversación cinematográfica mundial. Un episodio para cinéfilos, curiosos y cualquiera que quiera ponerse al día con lo mejor —y lo más polémico— del festival más importante del cine.</p>

<p>En este nuevo episodio grabado en Puro Vicio, nos sumergimos en todo lo que dejó la última edición del Festival de Cannes: las películas que dieron que hablar, las sorpresas del palmarés, los directores que marcaron tendencia y los momentos más comentados dentro y fuera&hellip;</p>
