{"id":13,"date":"2026-06-08T16:56:15","date_gmt":"2026-06-08T16:56:15","guid":{"rendered":"https:\/\/podcastpurovicio.com\/?pv_episodio=06x43-especial-nader-y-simin-una-separacion-con-rita-salazar"},"modified":"2026-09-05T04:45:49","modified_gmt":"2026-09-05T04:45:49","slug":"06x43-especial-nader-y-simin-una-separacion-con-rita-salazar","status":"publish","type":"pv_episodio","link":"https:\/\/podcastpurovicio.com\/?pv_episodio=06x43-especial-nader-y-simin-una-separacion-con-rita-salazar","title":{"rendered":"06&#215;43: Especial: Nader y Simin, una separaci\u00f3n. Con Rita Salazar"},"content":{"rendered":"<p>\u00a1Vuelven los especiales de Puro Vicio! En esta ocasi\u00f3n nos sumergimos en Nader y Simin, una separaci\u00f3n, la aclamada pel\u00edcula del cineasta iran\u00ed Asghar Farhadi que convirti\u00f3 un conflicto familiar aparentemente sencillo en un retrato complejo sobre la verdad, la justicia y los dilemas morales.<\/p>\n<p>A trav\u00e9s de la historia de Nader, Simin y las personas que orbitan alrededor de su separaci\u00f3n, analizamos, junto a nuestro buen amigo Rita Salazar (del podcast La Camarilla) c\u00f3mo la pel\u00edcula construye una red de decisiones, secretos y consecuencias que desaf\u00eda constantemente nuestras certezas. Hablamos de su contexto social, de la fuerza de sus interpretaciones, de la precisi\u00f3n de su guion y de por qu\u00e9, m\u00e1s de una d\u00e9cada despu\u00e9s de su estreno, sigue siendo una de las obras m\u00e1s influyentes del cine contempor\u00e1neo.<\/p>\n<p>Un episodio dedicado a una pel\u00edcula que no ofrece respuestas f\u00e1ciles, pero que obliga a mirar de frente.<\/p>\n<p>\u00a1No olvid\u00e9is vuestros likes y comentarios!<\/p>\n","protected":false},"excerpt":{"rendered":"<p>\u00a1Vuelven los especiales de Puro Vicio! En esta ocasi\u00f3n nos sumergimos en Nader y Simin, una separaci\u00f3n, la aclamada pel\u00edcula del cineasta iran\u00ed Asghar Farhadi que convirti\u00f3 un conflicto familiar aparentemente sencillo en un retrato complejo sobre la verdad, la justicia y los dilemas morales.&hellip;<\/p>\n","protected":false},"featured_media":0,"template":"","class_list":["post-13","pv_episodio","type-pv_episodio","status-publish","hentry"],"_links":{"self":[{"href":"https:\/\/podcastpurovicio.com\/index.php?rest_route=\/wp\/v2\/pv_episodio\/13","targetHints":{"allow":["GET"]}}],"collection":[{"href":"https:\/\/podcastpurovicio.com\/index.php?rest_route=\/wp\/v2\/pv_episodio"}],"about":[{"href":"https:\/\/podcastpurovicio.com\/index.php?rest_route=\/wp\/v2\/types\/pv_episodio"}],"version-history":[{"count":1,"href":"https:\/\/podcastpurovicio.com\/index.php?rest_route=\/wp\/v2\/pv_episodio\/13\/revisions"}],"predecessor-version":[{"id":54,"href":"https:\/\/podcastpurovicio.com\/index.php?rest_route=\/wp\/v2\/pv_episodio\/13\/revisions\/54"}],"wp:attachment":[{"href":"https:\/\/podcastpurovicio.com\/index.php?rest_route=%2Fwp%2Fv2%2Fmedia&parent=13"}],"curies":[{"name":"wp","href":"https:\/\/api.w.org\/{rel}","templated":true}]}}

06&#215;43: Especial: Nader y Simin, una separación. Con Rita Salazar

<p>¡Vuelven los especiales de Puro Vicio! En esta ocasión nos sumergimos en Nader y Simin, una separación, la aclamada película del cineasta iraní Asghar Farhadi que convirtió un conflicto familiar aparentemente sencillo en un retrato complejo sobre la verdad, la justicia y los dilemas morales.</p>
<p>A través de la historia de Nader, Simin y las personas que orbitan alrededor de su separación, analizamos, junto a nuestro buen amigo Rita Salazar (del podcast La Camarilla) cómo la película construye una red de decisiones, secretos y consecuencias que desafía constantemente nuestras certezas. Hablamos de su contexto social, de la fuerza de sus interpretaciones, de la precisión de su guion y de por qué, más de una década después de su estreno, sigue siendo una de las obras más influyentes del cine contemporáneo.</p>
<p>Un episodio dedicado a una película que no ofrece respuestas fáciles, pero que obliga a mirar de frente.</p>
<p>¡No olvidéis vuestros likes y comentarios!</p>

<p>¡Vuelven los especiales de Puro Vicio! En esta ocasión nos sumergimos en Nader y Simin, una separación, la aclamada película del cineasta iraní Asghar Farhadi que convirtió un conflicto familiar aparentemente sencillo en un retrato complejo sobre la verdad, la justicia y los dilemas morales.&hellip;</p>
