{"id":103,"date":"2025-04-15T15:46:40","date_gmt":"2025-04-15T15:46:40","guid":{"rendered":"https:\/\/podcastpurovicio.com\/?pv_episodio=especial-los-soprano-05x32"},"modified":"2025-04-15T15:46:40","modified_gmt":"2025-04-15T15:46:40","slug":"especial-los-soprano-05x32","status":"publish","type":"pv_episodio","link":"https:\/\/podcastpurovicio.com\/?pv_episodio=especial-los-soprano-05x32","title":{"rendered":"Especial: Los Soprano 05&#215;32"},"content":{"rendered":"<p>Volvemos con uno de nuestros monogr\u00e1ficos, y adem\u00e1s lo hacemos para hablar de una de las series mas importantes y queridas de la televisi\u00f3n: The Sopranos. Adem\u00e1s, nuestro querid\u00edsimo Kuerten (Gustavo), se anima haciendo de gu\u00eda y presentador en este maravilloso programa en el que adem\u00e1s contamos con un invitado y amigo muy especial. \u00a1No olvid\u00e9is vuestros likes y comentarios!<\/p>\n","protected":false},"excerpt":{"rendered":"<p>Volvemos con uno de nuestros monogr\u00e1ficos, y adem\u00e1s lo hacemos para hablar de una de las series mas importantes y queridas de la televisi\u00f3n: The Sopranos. Adem\u00e1s, nuestro querid\u00edsimo Kuerten (Gustavo), se anima haciendo de gu\u00eda y presentador en este maravilloso programa en el que&hellip;<\/p>\n","protected":false},"featured_media":0,"template":"","class_list":["post-103","pv_episodio","type-pv_episodio","status-publish","hentry"],"_links":{"self":[{"href":"https:\/\/podcastpurovicio.com\/index.php?rest_route=\/wp\/v2\/pv_episodio\/103","targetHints":{"allow":["GET"]}}],"collection":[{"href":"https:\/\/podcastpurovicio.com\/index.php?rest_route=\/wp\/v2\/pv_episodio"}],"about":[{"href":"https:\/\/podcastpurovicio.com\/index.php?rest_route=\/wp\/v2\/types\/pv_episodio"}],"version-history":[{"count":0,"href":"https:\/\/podcastpurovicio.com\/index.php?rest_route=\/wp\/v2\/pv_episodio\/103\/revisions"}],"wp:attachment":[{"href":"https:\/\/podcastpurovicio.com\/index.php?rest_route=%2Fwp%2Fv2%2Fmedia&parent=103"}],"curies":[{"name":"wp","href":"https:\/\/api.w.org\/{rel}","templated":true}]}}

<p>Volvemos con uno de nuestros monográficos, y además lo hacemos para hablar de una de las series mas importantes y queridas de la televisión: The Sopranos. Además, nuestro queridísimo Kuerten (Gustavo), se anima haciendo de guía y presentador en este maravilloso programa en el que además contamos con un invitado y amigo muy especial. ¡No olvidéis vuestros likes y comentarios!</p>

<p>Volvemos con uno de nuestros monográficos, y además lo hacemos para hablar de una de las series mas importantes y queridas de la televisión: The Sopranos. Además, nuestro queridísimo Kuerten (Gustavo), se anima haciendo de guía y presentador en este maravilloso programa en el que&hellip;</p>
