{"id":376,"date":"2024-02-09T11:26:00","date_gmt":"2024-02-09T11:26:00","guid":{"rendered":"https:\/\/podcastpurovicio.com\/?pv_critica=politicamente-incorrectos"},"modified":"2024-02-09T11:26:00","modified_gmt":"2024-02-09T11:26:00","slug":"politicamente-incorrectos","status":"publish","type":"pv_critica","link":"https:\/\/podcastpurovicio.com\/?pv_critica=politicamente-incorrectos","title":{"rendered":"Politicamente Incorrectos"},"content":{"rendered":"<p><span style=\"background-color: black;color: white;font-family: courier;font-size: medium\">&nbsp;Cr\u00edtica de \u00abPol\u00edticamente Incorrectos\u00bb, la nueva pel\u00edcula de Arantxa Echevarria (Carmen y Lola, Chinas), protagonizada por Adriana Torrebejano y Juanlu Gonz\u00e1lez. Llega a nuestras salas el 23 de febrero.<\/span><\/p>\n<p><span style=\"background-color: black;color: white;font-family: courier;font-size: medium\"><br \/><\/span><\/p>\n<p><span style=\"color: white;font-family: courier;font-size: medium\"><b style=\"background-color: black\">SINOPSIS<\/b><\/span><\/p>\n<p><span><span style=\"background-color: black;color: white;font-family: courier;font-size: medium\">Espa\u00f1a hierve de crispaci\u00f3n, el pa\u00eds est\u00e1 totalmente polarizado y las redes sociales arden a diario&#8230; Los partidos NUEVA IZQUIERDA y ESPA\u00d1A LIBERAL se enfrentan en las pr\u00f3ximas elecciones generales. Laura, una progre perroflauta y Pablo, un pijo con fachaleco, est\u00e1n dispuestos a revolcarse en el fango pol\u00edtico para conseguir la victoria de sus respectivos l\u00edderes. Pero como ocurre siempre en pol\u00edtica, cuando los rivales se lanzan a la arena, nada sale como se espera. Viejos rencores, programas sin cumplir y amores prohibidos viajar\u00e1n en una maquinaria electoral a todo gas y sin frenos&#8230; \u00bfQu\u00e9 puede salir mal?<\/span><\/span><\/p>\n<p><span><span style=\"background-color: black;color: white;font-family: courier;font-size: medium\"><br \/><\/span><\/span><\/p>\n<p><span><span style=\"color: white;font-family: courier;font-size: medium\"><b style=\"background-color: black\">CR\u00cdTICA<\/b><\/span><\/span><\/p>\n<p><span style=\"background-color: black;color: white;font-family: courier;font-size: medium\">Entretenida comedia social, cuya s\u00e1tira funciona mucho mejor que su comedia. Como este g\u00e9nero es muy subjetivo, poco puedo esclarecer al respecto, ya que para m\u00ed es una cinta que no pasa de simp\u00e1tica e irregular en muchos de sus tramos. Creo que en este aspecto, podr\u00eda haber sido mucho m\u00e1s \u00e1cida en su planteamiento, ya que tira de muchos clich\u00e9s que algunos tenemos m\u00e1s que superados. A\u00fan as\u00ed, en este aspecto le doy el beneficio de la duda, ya que la mayor\u00eda de la gente que acudi\u00f3 al pase no par\u00f3 de re\u00edr durante todo el metraje.<\/span><\/p>\n<p><span style=\"background-color: black;color: white;font-family: courier;font-size: medium\">A pesar de todo, destaco su cr\u00edtica y s\u00e1tira social en la que se ponen al descubierto las verg\u00fcenzas de esta Espa\u00f1a, cuya divisi\u00f3n de opiniones pol\u00edticas se vive como un partido de nuestro equipo de f\u00fatbol favorito. Es una pel\u00edcula que llama a la conciliaci\u00f3n y no se posiciona de ninguno de los lados, lo cual recibo como un gran punto a favor.<\/span><\/p>\n<p><span style=\"background-color: black;color: white;font-family: courier;font-size: medium\">Todo esto se respalda con un reparto m\u00e1s que solvente, donde destaco el peque\u00f1o papel de Ra\u00fal Cimas, por el que siento una particular debilidad.<\/span><\/p>\n<p><span style=\"background-color: black;color: white;font-family: courier;font-size: medium\">En definitiva, una simp\u00e1tica comedia que funciona mejor en su parte cr\u00edtica que en su parte c\u00f3mica. Har\u00e1 pasar un divertido rato a todos aquellos que no hacemos sangre de las diferencias de opiniones y cuenta con un mensaje de conciliaci\u00f3n necesario en los tiempos que corren.<\/span><\/p>\n","protected":false},"excerpt":{"rendered":"<p>&nbsp;Cr\u00edtica de \u00abPol\u00edticamente Incorrectos\u00bb, la nueva pel\u00edcula de Arantxa Echevarria (Carmen y Lola, Chinas), protagonizada por Adriana Torrebejano y Juanlu Gonz\u00e1lez. Llega a nuestras salas el 23 de febrero.SINOPSISEspa\u00f1a hierve de crispaci\u00f3n, el pa\u00eds est\u00e1 totalmente polarizado y las redes sociales arden a diario&#8230; Los&hellip;<\/p>\n","protected":false},"author":1,"featured_media":0,"comment_status":"open","ping_status":"closed","template":"","pv_genero":[],"class_list":["post-376","pv_critica","type-pv_critica","status-publish","hentry"],"_links":{"self":[{"href":"https:\/\/podcastpurovicio.com\/index.php?rest_route=\/wp\/v2\/pv_critica\/376","targetHints":{"allow":["GET"]}}],"collection":[{"href":"https:\/\/podcastpurovicio.com\/index.php?rest_route=\/wp\/v2\/pv_critica"}],"about":[{"href":"https:\/\/podcastpurovicio.com\/index.php?rest_route=\/wp\/v2\/types\/pv_critica"}],"author":[{"embeddable":true,"href":"https:\/\/podcastpurovicio.com\/index.php?rest_route=\/wp\/v2\/users\/1"}],"replies":[{"embeddable":true,"href":"https:\/\/podcastpurovicio.com\/index.php?rest_route=%2Fwp%2Fv2%2Fcomments&post=376"}],"version-history":[{"count":0,"href":"https:\/\/podcastpurovicio.com\/index.php?rest_route=\/wp\/v2\/pv_critica\/376\/revisions"}],"wp:attachment":[{"href":"https:\/\/podcastpurovicio.com\/index.php?rest_route=%2Fwp%2Fv2%2Fmedia&parent=376"}],"wp:term":[{"taxonomy":"pv_genero","embeddable":true,"href":"https:\/\/podcastpurovicio.com\/index.php?rest_route=%2Fwp%2Fv2%2Fpv_genero&post=376"}],"curies":[{"name":"wp","href":"https:\/\/api.w.org\/{rel}","templated":true}]}}

<p><span style="background-color: black;color: white;font-family: courier;font-size: medium">&nbsp;Crítica de «Políticamente Incorrectos», la nueva película de Arantxa Echevarria (Carmen y Lola, Chinas), protagonizada por Adriana Torrebejano y Juanlu González. Llega a nuestras salas el 23 de febrero.</span></p>
<p><span style="background-color: black;color: white;font-family: courier;font-size: medium"><br /></span></p>
<p><span style="color: white;font-family: courier;font-size: medium"><b style="background-color: black">SINOPSIS</b></span></p>
<p><span><span style="background-color: black;color: white;font-family: courier;font-size: medium">España hierve de crispación, el país está totalmente polarizado y las redes sociales arden a diario&#8230; Los partidos NUEVA IZQUIERDA y ESPAÑA LIBERAL se enfrentan en las próximas elecciones generales. Laura, una progre perroflauta y Pablo, un pijo con fachaleco, están dispuestos a revolcarse en el fango político para conseguir la victoria de sus respectivos líderes. Pero como ocurre siempre en política, cuando los rivales se lanzan a la arena, nada sale como se espera. Viejos rencores, programas sin cumplir y amores prohibidos viajarán en una maquinaria electoral a todo gas y sin frenos&#8230; ¿Qué puede salir mal?</span></span></p>
<p><span><span style="background-color: black;color: white;font-family: courier;font-size: medium"><br /></span></span></p>
<p><span><span style="color: white;font-family: courier;font-size: medium"><b style="background-color: black">CRÍTICA</b></span></span></p>
<p><span style="background-color: black;color: white;font-family: courier;font-size: medium">Entretenida comedia social, cuya sátira funciona mucho mejor que su comedia. Como este género es muy subjetivo, poco puedo esclarecer al respecto, ya que para mí es una cinta que no pasa de simpática e irregular en muchos de sus tramos. Creo que en este aspecto, podría haber sido mucho más ácida en su planteamiento, ya que tira de muchos clichés que algunos tenemos más que superados. Aún así, en este aspecto le doy el beneficio de la duda, ya que la mayoría de la gente que acudió al pase no paró de reír durante todo el metraje.</span></p>
<p><span style="background-color: black;color: white;font-family: courier;font-size: medium">A pesar de todo, destaco su crítica y sátira social en la que se ponen al descubierto las vergüenzas de esta España, cuya división de opiniones políticas se vive como un partido de nuestro equipo de fútbol favorito. Es una película que llama a la conciliación y no se posiciona de ninguno de los lados, lo cual recibo como un gran punto a favor.</span></p>
<p><span style="background-color: black;color: white;font-family: courier;font-size: medium">Todo esto se respalda con un reparto más que solvente, donde destaco el pequeño papel de Raúl Cimas, por el que siento una particular debilidad.</span></p>
<p><span style="background-color: black;color: white;font-family: courier;font-size: medium">En definitiva, una simpática comedia que funciona mejor en su parte crítica que en su parte cómica. Hará pasar un divertido rato a todos aquellos que no hacemos sangre de las diferencias de opiniones y cuenta con un mensaje de conciliación necesario en los tiempos que corren.</span></p>

<p>&nbsp;Crítica de «Políticamente Incorrectos», la nueva película de Arantxa Echevarria (Carmen y Lola, Chinas), protagonizada por Adriana Torrebejano y Juanlu González. Llega a nuestras salas el 23 de febrero.SINOPSISEspaña hierve de crispación, el país está totalmente polarizado y las redes sociales arden a diario&#8230; Los&hellip;</p>
