{"id":368,"date":"2024-03-06T08:58:00","date_gmt":"2024-03-06T08:58:00","guid":{"rendered":"https:\/\/podcastpurovicio.com\/?pv_critica=tratamos-demasiado-bien-a-las-mujeres"},"modified":"2024-03-06T08:58:00","modified_gmt":"2024-03-06T08:58:00","slug":"tratamos-demasiado-bien-a-las-mujeres","status":"publish","type":"pv_critica","link":"https:\/\/podcastpurovicio.com\/?pv_critica=tratamos-demasiado-bien-a-las-mujeres","title":{"rendered":"Tratamos Demasiado Bien A Las Mujeres"},"content":{"rendered":"<p><span style=\"background-color: black\"><span style=\"color: white\">&nbsp;<span style=\"font-family: courier;font-size: medium\">Cr\u00edtica del debut en el largometraje de Clara Bilbao, protagonizado por Carmen Machi y Antonio de la Torre. Llega a nuestras salas el pr\u00f3ximo 15 de marzo.<\/span><\/span><\/span><\/p>\n<p><span style=\"background-color: black;color: white;font-family: courier;font-size: medium\"><br \/><\/span><\/p>\n<p><span style=\"color: white;font-family: courier;font-size: medium\"><b style=\"background-color: black\">SINOPSIS<\/b><\/span><\/p>\n<p><span style=\"background-color: black\"><span style=\"color: white;font-family: courier;font-size: medium\">Remedios Buendi\u0301a defiende su patria y luchara\u0301 por ello por encima de todos. Un fati\u0301dico di\u0301a del oton\u0303o de 1945, un grupo de maquis a la fuga tiene la mala idea de tomar la estafeta donde Remedios, ilusionada, se prueba su vestido de novia. Hoy sera\u0301 el di\u0301a en el que demostrara\u0301 hasta donde puede llegar defendiendo sus valores. Y nadie podra\u0301 pararla. Ni siquiera este batallo\u0301n de rebeldes con fusiles humeantes y pun\u0303os en alto.<\/span><\/span><\/p>\n<p><span style=\"background-color: black\"><span style=\"color: white;font-family: courier;font-size: medium\"><br \/><\/span><\/span><\/p>\n<p><span style=\"background-color: black\"><span style=\"color: white;font-family: courier;font-size: medium\"><b>CR\u00cdTICA<\/b><\/span><\/span><\/p>\n<p><span style=\"background-color: black;color: white;font-family: courier;font-size: medium\">Una mezcla de g\u00e9neros curiosa que no siempre acierta en sus intenciones. Con bastante influencia de \u00c1lex de la Iglesia y de Quentin Tarantino, la directora ha querido mostrar una visi\u00f3n distinta de una historia que ya hemos visto varias veces. Carmen Machi hace su particular personaje gracioso que, aunque gracioso, deja en otros miembros del reparto los momentos m\u00e1s emotivos y divertidos. Se agradece su tono gamberro pero podr\u00eda haber llegado a m\u00e1s si no hubiesen tantos personajes tan poco usados.<\/span><\/p>\n<p><span style=\"background-color: black;color: white;font-family: courier;font-size: medium\">PD: \u00c1lex de la Iglesia estar\u00eda orgulloso.<\/span><\/p>\n","protected":false},"excerpt":{"rendered":"<p>&nbsp;Cr\u00edtica del debut en el largometraje de Clara Bilbao, protagonizado por Carmen Machi y Antonio de la Torre. Llega a nuestras salas el pr\u00f3ximo 15 de marzo.SINOPSISRemedios Buendi\u0301a defiende su patria y luchara\u0301 por ello por encima de todos. Un fati\u0301dico di\u0301a del oton\u0303o de&hellip;<\/p>\n","protected":false},"author":1,"featured_media":0,"comment_status":"open","ping_status":"closed","template":"","pv_genero":[],"class_list":["post-368","pv_critica","type-pv_critica","status-publish","hentry"],"_links":{"self":[{"href":"https:\/\/podcastpurovicio.com\/index.php?rest_route=\/wp\/v2\/pv_critica\/368","targetHints":{"allow":["GET"]}}],"collection":[{"href":"https:\/\/podcastpurovicio.com\/index.php?rest_route=\/wp\/v2\/pv_critica"}],"about":[{"href":"https:\/\/podcastpurovicio.com\/index.php?rest_route=\/wp\/v2\/types\/pv_critica"}],"author":[{"embeddable":true,"href":"https:\/\/podcastpurovicio.com\/index.php?rest_route=\/wp\/v2\/users\/1"}],"replies":[{"embeddable":true,"href":"https:\/\/podcastpurovicio.com\/index.php?rest_route=%2Fwp%2Fv2%2Fcomments&post=368"}],"version-history":[{"count":0,"href":"https:\/\/podcastpurovicio.com\/index.php?rest_route=\/wp\/v2\/pv_critica\/368\/revisions"}],"wp:attachment":[{"href":"https:\/\/podcastpurovicio.com\/index.php?rest_route=%2Fwp%2Fv2%2Fmedia&parent=368"}],"wp:term":[{"taxonomy":"pv_genero","embeddable":true,"href":"https:\/\/podcastpurovicio.com\/index.php?rest_route=%2Fwp%2Fv2%2Fpv_genero&post=368"}],"curies":[{"name":"wp","href":"https:\/\/api.w.org\/{rel}","templated":true}]}}

<p><span style="background-color: black"><span style="color: white">&nbsp;<span style="font-family: courier;font-size: medium">Crítica del debut en el largometraje de Clara Bilbao, protagonizado por Carmen Machi y Antonio de la Torre. Llega a nuestras salas el próximo 15 de marzo.</span></span></span></p>
<p><span style="background-color: black;color: white;font-family: courier;font-size: medium"><br /></span></p>
<p><span style="color: white;font-family: courier;font-size: medium"><b style="background-color: black">SINOPSIS</b></span></p>
<p><span style="background-color: black"><span style="color: white;font-family: courier;font-size: medium">Remedios Buendía defiende su patria y luchará por ello por encima de todos. Un fatídico día del otoño de 1945, un grupo de maquis a la fuga tiene la mala idea de tomar la estafeta donde Remedios, ilusionada, se prueba su vestido de novia. Hoy será el día en el que demostrará hasta donde puede llegar defendiendo sus valores. Y nadie podrá pararla. Ni siquiera este batallón de rebeldes con fusiles humeantes y puños en alto.</span></span></p>
<p><span style="background-color: black"><span style="color: white;font-family: courier;font-size: medium"><br /></span></span></p>
<p><span style="background-color: black"><span style="color: white;font-family: courier;font-size: medium"><b>CRÍTICA</b></span></span></p>
<p><span style="background-color: black;color: white;font-family: courier;font-size: medium">Una mezcla de géneros curiosa que no siempre acierta en sus intenciones. Con bastante influencia de Álex de la Iglesia y de Quentin Tarantino, la directora ha querido mostrar una visión distinta de una historia que ya hemos visto varias veces. Carmen Machi hace su particular personaje gracioso que, aunque gracioso, deja en otros miembros del reparto los momentos más emotivos y divertidos. Se agradece su tono gamberro pero podría haber llegado a más si no hubiesen tantos personajes tan poco usados.</span></p>
<p><span style="background-color: black;color: white;font-family: courier;font-size: medium">PD: Álex de la Iglesia estaría orgulloso.</span></p>

<p>&nbsp;Crítica del debut en el largometraje de Clara Bilbao, protagonizado por Carmen Machi y Antonio de la Torre. Llega a nuestras salas el próximo 15 de marzo.SINOPSISRemedios Buendía defiende su patria y luchará por ello por encima de todos. Un fatídico día del otoño de&hellip;</p>
