{"id":367,"date":"2024-03-06T09:02:00","date_gmt":"2024-03-06T09:02:00","guid":{"rendered":"https:\/\/podcastpurovicio.com\/?pv_critica=sauna"},"modified":"2024-03-06T09:02:00","modified_gmt":"2024-03-06T09:02:00","slug":"sauna","status":"publish","type":"pv_critica","link":"https:\/\/podcastpurovicio.com\/?pv_critica=sauna","title":{"rendered":"Sauna"},"content":{"rendered":"<p><span style=\"background-color: black\"><span style=\"color: white\">&nbsp;<span style=\"font-family: courier;font-size: medium\">Cr\u00edtica del documental estonio \u00abSauna\u00bb, dirigido por Anna Hints y que llega a Filmin el pr\u00f3ximo 8 de marzo, coincidiendo con el D\u00eda de la Mujer.<\/span><\/span><\/span><\/p>\n<p><span style=\"background-color: black;color: white;font-family: courier;font-size: medium\"><br \/><\/span><\/p>\n<p><span style=\"color: white;font-family: courier;font-size: medium\"><b style=\"background-color: black\">SINOPSIS<\/b><\/span><\/p>\n<p><span style=\"background-color: black\"><span style=\"color: white;font-family: courier;font-size: medium\">En la oscuridad de una sauna finlandesa, las mujeres comparten sus secretos y experiencias m\u00e1s \u00edntimas, lavando la verg\u00fcenza retenida en sus cuerpos y recuperando su fuerza a trav\u00e9s de un sentimiento de uni\u00f3n.<\/span><\/span><\/p>\n<p><span style=\"background-color: black\"><span style=\"color: white;font-family: courier;font-size: medium\"><br \/><\/span><\/span><\/p>\n<p><span style=\"color: white;font-family: courier;font-size: medium\"><b style=\"background-color: black\">CR\u00cdTICA<\/b><\/span><\/p>\n<p><span style=\"background-color: black;color: white;font-family: courier;font-size: medium\">El documental galardonado en Sundance&#8217;23&#8217; y en la \u00faltima edici\u00f3n de los&nbsp;<\/span><\/p>\n<p><span style=\"background-color: black;color: white;font-family: courier;font-size: medium\">Premios del Cine Europeo cuenta una<\/span><\/p>\n<p><span style=\"background-color: black;color: white;font-family: courier;font-size: medium\">historia femenina y feminista de sororidad donde sus cuatro mujeres protagonistas se desnudan en cuerpo y alma a la vez que construyen un espacio de seguridad y de confianza en el vaporoso interior de una sauna finlandesa tradicional en la regi\u00f3n estonia de V\u00f6ruma.<\/span><\/p>\n<p><span style=\"background-color: black;color: white;font-family: courier;font-size: medium\">Un espacio sagrado, fuertemente arraigado en el folclore de las culturas n\u00f3rdicas, funcional y comunitario, Patrimonio Cultural Inmaterial de la Humanidad, en el que, arropadas por su honda aunque c\u00e1lida oscuridad, exorcisan sus tab\u00faes, preocupaciones y miedos, comparten sus anhelos y secretos y combaten el sistema patriarcal at\u00e1vico que las rodea.<\/span><\/p>\n<p><span style=\"background-color: black\"><span style=\"color: white;font-family: courier;font-size: medium\"><\/span><\/span><\/p>\n<p><span style=\"background-color: black;color: white;font-family: courier;font-size: medium\">Su directora, la debutante Anna Hints, que rueda esa fr\u00e1gil intimidad en unas condiciones de calor y humedad extremas, nos sumerge en una dura y bella experiencia sensorial, confesional, pol\u00edtica y porqu\u00e9 no decirlo, cuasi esot\u00e9rica.&nbsp; Salvo algunos planos recurso en el exterior de la sauna, pr\u00e1cticamente todo ocurre y se dice en ese \u00fanico escenario. Una decisi\u00f3n de puesta en escena muy meritoria pero que puede agotar la paciencia del espectador menos sensibilizado con las cuestiones que se plantean en ese lugar m\u00e1gico cargado de reivindicaci\u00f3n.<\/span><\/p>\n","protected":false},"excerpt":{"rendered":"<p>&nbsp;Cr\u00edtica del documental estonio \u00abSauna\u00bb, dirigido por Anna Hints y que llega a Filmin el pr\u00f3ximo 8 de marzo, coincidiendo con el D\u00eda de la Mujer.SINOPSISEn la oscuridad de una sauna finlandesa, las mujeres comparten sus secretos y experiencias m\u00e1s \u00edntimas, lavando la verg\u00fcenza retenida&hellip;<\/p>\n","protected":false},"author":1,"featured_media":0,"comment_status":"open","ping_status":"closed","template":"","pv_genero":[],"class_list":["post-367","pv_critica","type-pv_critica","status-publish","hentry"],"_links":{"self":[{"href":"https:\/\/podcastpurovicio.com\/index.php?rest_route=\/wp\/v2\/pv_critica\/367","targetHints":{"allow":["GET"]}}],"collection":[{"href":"https:\/\/podcastpurovicio.com\/index.php?rest_route=\/wp\/v2\/pv_critica"}],"about":[{"href":"https:\/\/podcastpurovicio.com\/index.php?rest_route=\/wp\/v2\/types\/pv_critica"}],"author":[{"embeddable":true,"href":"https:\/\/podcastpurovicio.com\/index.php?rest_route=\/wp\/v2\/users\/1"}],"replies":[{"embeddable":true,"href":"https:\/\/podcastpurovicio.com\/index.php?rest_route=%2Fwp%2Fv2%2Fcomments&post=367"}],"version-history":[{"count":0,"href":"https:\/\/podcastpurovicio.com\/index.php?rest_route=\/wp\/v2\/pv_critica\/367\/revisions"}],"wp:attachment":[{"href":"https:\/\/podcastpurovicio.com\/index.php?rest_route=%2Fwp%2Fv2%2Fmedia&parent=367"}],"wp:term":[{"taxonomy":"pv_genero","embeddable":true,"href":"https:\/\/podcastpurovicio.com\/index.php?rest_route=%2Fwp%2Fv2%2Fpv_genero&post=367"}],"curies":[{"name":"wp","href":"https:\/\/api.w.org\/{rel}","templated":true}]}}

<p><span style="background-color: black"><span style="color: white">&nbsp;<span style="font-family: courier;font-size: medium">Crítica del documental estonio «Sauna», dirigido por Anna Hints y que llega a Filmin el próximo 8 de marzo, coincidiendo con el Día de la Mujer.</span></span></span></p>
<p><span style="background-color: black;color: white;font-family: courier;font-size: medium"><br /></span></p>
<p><span style="color: white;font-family: courier;font-size: medium"><b style="background-color: black">SINOPSIS</b></span></p>
<p><span style="background-color: black"><span style="color: white;font-family: courier;font-size: medium">En la oscuridad de una sauna finlandesa, las mujeres comparten sus secretos y experiencias más íntimas, lavando la vergüenza retenida en sus cuerpos y recuperando su fuerza a través de un sentimiento de unión.</span></span></p>
<p><span style="background-color: black"><span style="color: white;font-family: courier;font-size: medium"><br /></span></span></p>
<p><span style="color: white;font-family: courier;font-size: medium"><b style="background-color: black">CRÍTICA</b></span></p>
<p><span style="background-color: black;color: white;font-family: courier;font-size: medium">El documental galardonado en Sundance&#8217;23&#8217; y en la última edición de los&nbsp;</span></p>
<p><span style="background-color: black;color: white;font-family: courier;font-size: medium">Premios del Cine Europeo cuenta una</span></p>
<p><span style="background-color: black;color: white;font-family: courier;font-size: medium">historia femenina y feminista de sororidad donde sus cuatro mujeres protagonistas se desnudan en cuerpo y alma a la vez que construyen un espacio de seguridad y de confianza en el vaporoso interior de una sauna finlandesa tradicional en la región estonia de Vöruma.</span></p>
<p><span style="background-color: black;color: white;font-family: courier;font-size: medium">Un espacio sagrado, fuertemente arraigado en el folclore de las culturas nórdicas, funcional y comunitario, Patrimonio Cultural Inmaterial de la Humanidad, en el que, arropadas por su honda aunque cálida oscuridad, exorcisan sus tabúes, preocupaciones y miedos, comparten sus anhelos y secretos y combaten el sistema patriarcal atávico que las rodea.</span></p>
<p><span style="background-color: black"><span style="color: white;font-family: courier;font-size: medium"></span></span></p>
<p><span style="background-color: black;color: white;font-family: courier;font-size: medium">Su directora, la debutante Anna Hints, que rueda esa frágil intimidad en unas condiciones de calor y humedad extremas, nos sumerge en una dura y bella experiencia sensorial, confesional, política y porqué no decirlo, cuasi esotérica.&nbsp; Salvo algunos planos recurso en el exterior de la sauna, prácticamente todo ocurre y se dice en ese único escenario. Una decisión de puesta en escena muy meritoria pero que puede agotar la paciencia del espectador menos sensibilizado con las cuestiones que se plantean en ese lugar mágico cargado de reivindicación.</span></p>

<p>&nbsp;Crítica del documental estonio «Sauna», dirigido por Anna Hints y que llega a Filmin el próximo 8 de marzo, coincidiendo con el Día de la Mujer.SINOPSISEn la oscuridad de una sauna finlandesa, las mujeres comparten sus secretos y experiencias más íntimas, lavando la vergüenza retenida&hellip;</p>
