{"id":366,"date":"2024-03-23T12:34:00","date_gmt":"2024-03-23T12:34:00","guid":{"rendered":"https:\/\/podcastpurovicio.com\/?pv_critica=la-abadesa"},"modified":"2024-03-23T12:34:00","modified_gmt":"2024-03-23T12:34:00","slug":"la-abadesa","status":"publish","type":"pv_critica","link":"https:\/\/podcastpurovicio.com\/?pv_critica=la-abadesa","title":{"rendered":"La Abadesa"},"content":{"rendered":"<p><span style=\"background-color: black;color: white;font-family: courier;font-size: medium\">Cr\u00edtica de la pel\u00edcula \u00abLa Abadesa\u00bb dirigida por Antonio Chavarr\u00edas y protagonizada por Daniela Brown.<\/span><\/p>\n<p><span style=\"background-color: black;color: white;font-family: courier;font-size: medium\"><br \/><\/span><\/p>\n<p><span style=\"color: white;font-family: courier;font-size: medium\"><b style=\"background-color: black\">SINOPSIS<\/b><\/span><\/p>\n<p><span style=\"background-color: black;color: white;font-family: courier;font-size: medium\">En el siglo IX, Emma, una joven de 17 a\u00f1os, es nombrada abadesa con el fin de repoblar y cristianizar territorios fronterizos en conflicto con los moriscos. Al llegar a la abad\u00eda tendr\u00e1 que superar la desconfianza que despierta una mujer decidida a cumplir con su misi\u00f3n, lo que le llevar\u00e1 a enfrentarse a nobles, campesinos y a las propias monjas. Pese a todo, Emma demostrar\u00e1 que, con determinaci\u00f3n y voluntad, es posible desafiar las estructuras de poder establecidas. Aunque pagar\u00e1 un alto precio para conseguirlo.<\/span><\/p>\n<p><span style=\"background-color: black;color: white;font-family: courier;font-size: medium\"><br \/><\/span><\/p>\n<p><span style=\"color: white;font-family: courier;font-size: medium\"><b style=\"background-color: black\">CR\u00cdTICA<\/b><\/span><\/p>\n<p><span style=\"background-color: black;color: white;font-family: courier;font-size: medium\">La abadesa nos muestra una fotograf\u00eda tan s\u00f3lida como los muros de la abad\u00eda en la que se desarrolla, as\u00ed como una producci\u00f3n muy cuidada. Rodada en el Castillo de Loarre, en el Alto Arag\u00f3n, y basada en las experiencias de Emma de Barcelona, la forma resulta m\u00e1s interesante que el fondo.<\/span><\/p>\n<p><span style=\"background-color: black\"><span style=\"color: white;font-family: courier;font-size: medium\"><\/span><\/span><\/p>\n<p><span style=\"background-color: black;color: white;font-family: courier;font-size: medium\">La pel\u00edcula trata de hacer visibles temas tan universales como el amor, los celos, la amistad o la esperanza, as\u00ed como hacer ver que hay aspectos que siguen siendo objeto de controversia como ya lo eran en el s. IX, como el papel de la mujer en un mundo dominado por el hombre, el conflicto entre la religi\u00f3n y la cultura o las disputas territoriales, pero el mensaje parece quedar desdibujado por la opacidad y un ambiente casi claustrof\u00f3bico.<\/span><\/p>\n","protected":false},"excerpt":{"rendered":"<p>Cr\u00edtica de la pel\u00edcula \u00abLa Abadesa\u00bb dirigida por Antonio Chavarr\u00edas y protagonizada por Daniela Brown.SINOPSISEn el siglo IX, Emma, una joven de 17 a\u00f1os, es nombrada abadesa con el fin de repoblar y cristianizar territorios fronterizos en conflicto con los moriscos. Al llegar a la&hellip;<\/p>\n","protected":false},"author":1,"featured_media":0,"comment_status":"open","ping_status":"closed","template":"","pv_genero":[],"class_list":["post-366","pv_critica","type-pv_critica","status-publish","hentry"],"_links":{"self":[{"href":"https:\/\/podcastpurovicio.com\/index.php?rest_route=\/wp\/v2\/pv_critica\/366","targetHints":{"allow":["GET"]}}],"collection":[{"href":"https:\/\/podcastpurovicio.com\/index.php?rest_route=\/wp\/v2\/pv_critica"}],"about":[{"href":"https:\/\/podcastpurovicio.com\/index.php?rest_route=\/wp\/v2\/types\/pv_critica"}],"author":[{"embeddable":true,"href":"https:\/\/podcastpurovicio.com\/index.php?rest_route=\/wp\/v2\/users\/1"}],"replies":[{"embeddable":true,"href":"https:\/\/podcastpurovicio.com\/index.php?rest_route=%2Fwp%2Fv2%2Fcomments&post=366"}],"version-history":[{"count":0,"href":"https:\/\/podcastpurovicio.com\/index.php?rest_route=\/wp\/v2\/pv_critica\/366\/revisions"}],"wp:attachment":[{"href":"https:\/\/podcastpurovicio.com\/index.php?rest_route=%2Fwp%2Fv2%2Fmedia&parent=366"}],"wp:term":[{"taxonomy":"pv_genero","embeddable":true,"href":"https:\/\/podcastpurovicio.com\/index.php?rest_route=%2Fwp%2Fv2%2Fpv_genero&post=366"}],"curies":[{"name":"wp","href":"https:\/\/api.w.org\/{rel}","templated":true}]}}

<p><span style="background-color: black;color: white;font-family: courier;font-size: medium">Crítica de la película «La Abadesa» dirigida por Antonio Chavarrías y protagonizada por Daniela Brown.</span></p>
<p><span style="background-color: black;color: white;font-family: courier;font-size: medium"><br /></span></p>
<p><span style="color: white;font-family: courier;font-size: medium"><b style="background-color: black">SINOPSIS</b></span></p>
<p><span style="background-color: black;color: white;font-family: courier;font-size: medium">En el siglo IX, Emma, una joven de 17 años, es nombrada abadesa con el fin de repoblar y cristianizar territorios fronterizos en conflicto con los moriscos. Al llegar a la abadía tendrá que superar la desconfianza que despierta una mujer decidida a cumplir con su misión, lo que le llevará a enfrentarse a nobles, campesinos y a las propias monjas. Pese a todo, Emma demostrará que, con determinación y voluntad, es posible desafiar las estructuras de poder establecidas. Aunque pagará un alto precio para conseguirlo.</span></p>
<p><span style="background-color: black;color: white;font-family: courier;font-size: medium"><br /></span></p>
<p><span style="color: white;font-family: courier;font-size: medium"><b style="background-color: black">CRÍTICA</b></span></p>
<p><span style="background-color: black;color: white;font-family: courier;font-size: medium">La abadesa nos muestra una fotografía tan sólida como los muros de la abadía en la que se desarrolla, así como una producción muy cuidada. Rodada en el Castillo de Loarre, en el Alto Aragón, y basada en las experiencias de Emma de Barcelona, la forma resulta más interesante que el fondo.</span></p>
<p><span style="background-color: black"><span style="color: white;font-family: courier;font-size: medium"></span></span></p>
<p><span style="background-color: black;color: white;font-family: courier;font-size: medium">La película trata de hacer visibles temas tan universales como el amor, los celos, la amistad o la esperanza, así como hacer ver que hay aspectos que siguen siendo objeto de controversia como ya lo eran en el s. IX, como el papel de la mujer en un mundo dominado por el hombre, el conflicto entre la religión y la cultura o las disputas territoriales, pero el mensaje parece quedar desdibujado por la opacidad y un ambiente casi claustrofóbico.</span></p>

<p>Crítica de la película «La Abadesa» dirigida por Antonio Chavarrías y protagonizada por Daniela Brown.SINOPSISEn el siglo IX, Emma, una joven de 17 años, es nombrada abadesa con el fin de repoblar y cristianizar territorios fronterizos en conflicto con los moriscos. Al llegar a la&hellip;</p>
